{"id":10327,"date":"2026-01-13T15:20:14","date_gmt":"2026-01-13T20:20:14","guid":{"rendered":"https:\/\/pedidosperu.com\/website\/?post_type=product&#038;p=10327"},"modified":"2026-01-13T16:11:16","modified_gmt":"2026-01-13T21:11:16","slug":"polo-tour-2026-kygo-poc-26-neg-1010","status":"publish","type":"product","link":"https:\/\/pedidosperu.com\/website\/product\/polo-tour-2026-kygo-poc-26-neg-1010\/","title":{"rendered":"Polo Tour 2026 KYGO \/ KYGO-POC-26-NEG-1010"},"content":{"rendered":"<body><p><strong>Polo Tour 2026 KYGO \/ KYGO-POC-26-NEG-1010<\/strong><\/p>\n<p>\ud83d\udd25\ud83d\udd25 Cons\u00faltenos x descuentos en Pack\u2019s de Productos \ud83d\udd25\ud83d\udd25<\/p>\n<p>\u2705 Producto 100% algod\u00f3n peruano, el de mejor calidad y grosor.<br>\n\u2705 Dise\u00f1os \ud83c\udfa7 y estampados de tu grupo favorito \ud83c\udfb8 \u201cexclusivos\u201d y de alta calidad \ud83d\udcaf.<br>\n\u2705 Empaques personalizados y listos para ser enviados como \ud83c\udf81 regalo.<br>\n\u2705 Tallas S, M y L. Otras tallas y color de mangas seg\u00fan disponibilidad.<br>\n\u2705 Confeccionados con productos eco-amigables (en telas, vinil textil y estampados laser)<br>\n\u2705 Modelos Unisex. Tallas completas.<\/p>\n<p>\ud83d\udd25\ud83d\udd25 Cons\u00faltenos x descuentos en Pack\u2019s de Productos \ud83d\udd25\ud83d\udd25<\/p>\n<p>\ud83d\udce3 Costo Delivery seg\u00fan destino y tipo (Regular \/ Express \u2b50\ufe0f).<br>\n\ud83d\udce3 Env\u00edos a Provincias por Olva Courier.<br>\n\ud83d\udce3 Tambi\u00e9n dise\u00f1amos modelos personalizados de sus grupos favoritos en caso no disponemos. Cons\u00faltenos\u2026 \ud83e\udd1c\ud83e\udd1b<\/p>\n<\/body>","protected":false},"excerpt":{"rendered":"<p><strong>Polo Tour 2026 KYGO \/ KYGO-POC-26-NEG-1010<\/strong><\/p>\n<p>Dise\u00f1os exclusivos. Polo 100% Algod\u00f3n. Estampado en vinil textil importado \/ transfer de muy buena calidad.<\/p>\n<p>El color del dise\u00f1o puede variar seg\u00fan lo desee, solo debe indicarlo al momento de la compra.<\/p>\n<p>Consultar otras tallas, color de polo y\/o dise\u00f1os personalizados para empresas o eventos al correo electr\u00f3nico : <strong><a href=\"mailto:ventas@pedidosperu.com\">ventas@pedidosperu.com<\/a><\/strong><\/p>\n","protected":false},"featured_media":10335,"comment_status":"open","ping_status":"closed","template":"","meta":{"om_disable_all_campaigns":false,"_monsterinsights_skip_tracking":false,"_monsterinsights_sitenote_active":false,"_monsterinsights_sitenote_note":"","_monsterinsights_sitenote_category":0,"_uf_show_specific_survey":0,"_uf_disable_surveys":false,"jetpack_post_was_ever_published":false,"_joinchat":[],"jetpack_publicize_message":"","jetpack_publicize_feature_enabled":true,"jetpack_social_post_already_shared":true,"jetpack_social_options":{"image_generator_settings":{"template":"highway","default_image_id":0,"font":"","enabled":false},"version":2}},"product_brand":[],"product_cat":[406],"product_tag":[407],"class_list":{"0":"post-10327","1":"product","2":"type-product","3":"status-publish","4":"has-post-thumbnail","6":"product_cat-kygo","7":"product_tag-kygo","8":"pa_talla-l","9":"pa_talla-m","10":"pa_talla-ninos-talla-2-a-16","11":"pa_talla-s","12":"pa_talla-xl","13":"pa_talla-xxl","15":"first","16":"instock","17":"shipping-taxable","18":"purchasable","19":"product-type-variable"},"supplier_id":null,"supplier_sku":"","barcode":null,"atum_controlled":true,"out_stock_date":null,"out_stock_threshold":null,"inheritable":true,"inbound_stock":null,"stock_on_hold":0,"sold_today":0,"sales_last_days":0,"reserved_stock":null,"customer_returns":null,"warehouse_damage":null,"lost_in_post":null,"other_logs":null,"out_stock_days":0,"lost_sales":0,"has_location":false,"update_date":"2026-04-28T04:41:02","atum_locations":[],"atum_stock_status":"instock","restock_status":false,"low_stock_amount":"","sales_update_date":"2026-04-28T04:41:02","calc_backorders":null,"yoast_head":"<!-- This site is optimized with the Yoast SEO plugin v27.5 - https:\/\/yoast.com\/product\/yoast-seo-wordpress\/ -->\n<title>Polo Tour 2026 KYGO \/ KYGO-POC-26-NEG-1010 - PedidosPeru.com<\/title>\n<meta name=\"robots\" content=\"index, follow, max-snippet:-1, max-image-preview:large, max-video-preview:-1\" \/>\n<link rel=\"canonical\" href=\"https:\/\/pedidosperu.com\/website\/product\/polo-tour-2026-kygo-poc-26-neg-1010\/\" \/>\n<meta property=\"og:locale\" content=\"es_ES\" \/>\n<meta property=\"og:type\" content=\"article\" \/>\n<meta property=\"og:title\" content=\"Polo Tour 2026 KYGO \/ KYGO-POC-26-NEG-1010 - PedidosPeru.com\" \/>\n<meta property=\"og:description\" content=\"Polo Tour 2026 KYGO \/ KYGO-POC-26-NEG-1010  Dise\u00f1os exclusivos. Polo 100% Algod\u00f3n. Estampado en vinil textil importado \/ transfer de muy buena calidad.  El color del dise\u00f1o puede variar seg\u00fan lo desee, solo debe indicarlo al momento de la compra.  Consultar otras tallas, color de polo y\/o dise\u00f1os personalizados para empresas o eventos al correo electr\u00f3nico : ventas@pedidosperu.com\" \/>\n<meta property=\"og:url\" content=\"https:\/\/pedidosperu.com\/website\/product\/polo-tour-2026-kygo-poc-26-neg-1010\/\" \/>\n<meta property=\"og:site_name\" content=\"PedidosPeru.com\" \/>\n<meta property=\"article:publisher\" content=\"https:\/\/www.facebook.com\/pedidosperuoficial\" \/>\n<meta property=\"article:modified_time\" content=\"2026-01-13T21:11:16+00:00\" \/>\n<meta property=\"og:image\" content=\"https:\/\/pedidosperu.com\/website\/wp-content\/uploads\/2026\/01\/Kygo_2026_A1.jpg\" \/>\n\t<meta property=\"og:image:width\" content=\"1800\" \/>\n\t<meta property=\"og:image:height\" content=\"2400\" \/>\n\t<meta property=\"og:image:type\" content=\"image\/jpeg\" \/>\n<meta name=\"twitter:card\" content=\"summary_large_image\" \/>\n<meta name=\"twitter:label1\" content=\"Tiempo de lectura\" \/>\n\t<meta name=\"twitter:data1\" content=\"1 minuto\" \/>\n<script type=\"application\/ld+json\" class=\"yoast-schema-graph\">{\"@context\":\"https:\\\/\\\/schema.org\",\"@graph\":[{\"@type\":\"WebPage\",\"@id\":\"https:\\\/\\\/pedidosperu.com\\\/website\\\/product\\\/polo-tour-2026-kygo-poc-26-neg-1010\\\/\",\"url\":\"https:\\\/\\\/pedidosperu.com\\\/website\\\/product\\\/polo-tour-2026-kygo-poc-26-neg-1010\\\/\",\"name\":\"Polo Tour 2026 KYGO \\\/ KYGO-POC-26-NEG-1010 - PedidosPeru.com\",\"isPartOf\":{\"@id\":\"https:\\\/\\\/pedidosperu.com\\\/website\\\/#website\"},\"primaryImageOfPage\":{\"@id\":\"https:\\\/\\\/pedidosperu.com\\\/website\\\/product\\\/polo-tour-2026-kygo-poc-26-neg-1010\\\/#primaryimage\"},\"image\":{\"@id\":\"https:\\\/\\\/pedidosperu.com\\\/website\\\/product\\\/polo-tour-2026-kygo-poc-26-neg-1010\\\/#primaryimage\"},\"thumbnailUrl\":\"https:\\\/\\\/i0.wp.com\\\/pedidosperu.com\\\/website\\\/wp-content\\\/uploads\\\/2026\\\/01\\\/Kygo_2026_A1.jpg?fit=1800%2C2400&ssl=1\",\"datePublished\":\"2026-01-13T20:20:14+00:00\",\"dateModified\":\"2026-01-13T21:11:16+00:00\",\"breadcrumb\":{\"@id\":\"https:\\\/\\\/pedidosperu.com\\\/website\\\/product\\\/polo-tour-2026-kygo-poc-26-neg-1010\\\/#breadcrumb\"},\"inLanguage\":\"es\",\"potentialAction\":[{\"@type\":\"ReadAction\",\"target\":[\"https:\\\/\\\/pedidosperu.com\\\/website\\\/product\\\/polo-tour-2026-kygo-poc-26-neg-1010\\\/\"]}]},{\"@type\":\"ImageObject\",\"inLanguage\":\"es\",\"@id\":\"https:\\\/\\\/pedidosperu.com\\\/website\\\/product\\\/polo-tour-2026-kygo-poc-26-neg-1010\\\/#primaryimage\",\"url\":\"https:\\\/\\\/i0.wp.com\\\/pedidosperu.com\\\/website\\\/wp-content\\\/uploads\\\/2026\\\/01\\\/Kygo_2026_A1.jpg?fit=1800%2C2400&ssl=1\",\"contentUrl\":\"https:\\\/\\\/i0.wp.com\\\/pedidosperu.com\\\/website\\\/wp-content\\\/uploads\\\/2026\\\/01\\\/Kygo_2026_A1.jpg?fit=1800%2C2400&ssl=1\",\"width\":1800,\"height\":2400},{\"@type\":\"BreadcrumbList\",\"@id\":\"https:\\\/\\\/pedidosperu.com\\\/website\\\/product\\\/polo-tour-2026-kygo-poc-26-neg-1010\\\/#breadcrumb\",\"itemListElement\":[{\"@type\":\"ListItem\",\"position\":1,\"name\":\"Shop\",\"item\":\"https:\\\/\\\/pedidosperu.com\\\/website\\\/shop\\\/\"},{\"@type\":\"ListItem\",\"position\":2,\"name\":\"Polo Tour 2026 KYGO \\\/ KYGO-POC-26-NEG-1010\"}]},{\"@type\":\"WebSite\",\"@id\":\"https:\\\/\\\/pedidosperu.com\\\/website\\\/#website\",\"url\":\"https:\\\/\\\/pedidosperu.com\\\/website\\\/\",\"name\":\"PedidosPeru.com\",\"description\":\"Detalles 100% Personalizados\",\"publisher\":{\"@id\":\"https:\\\/\\\/pedidosperu.com\\\/website\\\/#organization\"},\"potentialAction\":[{\"@type\":\"SearchAction\",\"target\":{\"@type\":\"EntryPoint\",\"urlTemplate\":\"https:\\\/\\\/pedidosperu.com\\\/website\\\/?s={search_term_string}\"},\"query-input\":{\"@type\":\"PropertyValueSpecification\",\"valueRequired\":true,\"valueName\":\"search_term_string\"}}],\"inLanguage\":\"es\"},{\"@type\":\"Organization\",\"@id\":\"https:\\\/\\\/pedidosperu.com\\\/website\\\/#organization\",\"name\":\"PedidosPeru.com\",\"url\":\"https:\\\/\\\/pedidosperu.com\\\/website\\\/\",\"logo\":{\"@type\":\"ImageObject\",\"inLanguage\":\"es\",\"@id\":\"https:\\\/\\\/pedidosperu.com\\\/website\\\/#\\\/schema\\\/logo\\\/image\\\/\",\"url\":\"https:\\\/\\\/pedidosperu.com\\\/website\\\/wp-content\\\/uploads\\\/2023\\\/08\\\/Logo_PP1.png\",\"contentUrl\":\"https:\\\/\\\/pedidosperu.com\\\/website\\\/wp-content\\\/uploads\\\/2023\\\/08\\\/Logo_PP1.png\",\"width\":1464,\"height\":792,\"caption\":\"PedidosPeru.com\"},\"image\":{\"@id\":\"https:\\\/\\\/pedidosperu.com\\\/website\\\/#\\\/schema\\\/logo\\\/image\\\/\"},\"sameAs\":[\"https:\\\/\\\/www.facebook.com\\\/pedidosperuoficial\",\"https:\\\/\\\/www.instagram.com\\\/pedidosperuoficial\\\/\"]}]}<\/script>\n<!-- \/ Yoast SEO plugin. -->","yoast_head_json":{"title":"Polo Tour 2026 KYGO \/ KYGO-POC-26-NEG-1010 - PedidosPeru.com","robots":{"index":"index","follow":"follow","max-snippet":"max-snippet:-1","max-image-preview":"max-image-preview:large","max-video-preview":"max-video-preview:-1"},"canonical":"https:\/\/pedidosperu.com\/website\/product\/polo-tour-2026-kygo-poc-26-neg-1010\/","og_locale":"es_ES","og_type":"article","og_title":"Polo Tour 2026 KYGO \/ KYGO-POC-26-NEG-1010 - PedidosPeru.com","og_description":"Polo Tour 2026 KYGO \/ KYGO-POC-26-NEG-1010  Dise\u00f1os exclusivos. Polo 100% Algod\u00f3n. Estampado en vinil textil importado \/ transfer de muy buena calidad.  El color del dise\u00f1o puede variar seg\u00fan lo desee, solo debe indicarlo al momento de la compra.  Consultar otras tallas, color de polo y\/o dise\u00f1os personalizados para empresas o eventos al correo electr\u00f3nico : ventas@pedidosperu.com","og_url":"https:\/\/pedidosperu.com\/website\/product\/polo-tour-2026-kygo-poc-26-neg-1010\/","og_site_name":"PedidosPeru.com","article_publisher":"https:\/\/www.facebook.com\/pedidosperuoficial","article_modified_time":"2026-01-13T21:11:16+00:00","og_image":[{"width":1800,"height":2400,"url":"https:\/\/pedidosperu.com\/website\/wp-content\/uploads\/2026\/01\/Kygo_2026_A1.jpg","type":"image\/jpeg"}],"twitter_card":"summary_large_image","twitter_misc":{"Tiempo de lectura":"1 minuto"},"schema":{"@context":"https:\/\/schema.org","@graph":[{"@type":"WebPage","@id":"https:\/\/pedidosperu.com\/website\/product\/polo-tour-2026-kygo-poc-26-neg-1010\/","url":"https:\/\/pedidosperu.com\/website\/product\/polo-tour-2026-kygo-poc-26-neg-1010\/","name":"Polo Tour 2026 KYGO \/ KYGO-POC-26-NEG-1010 - PedidosPeru.com","isPartOf":{"@id":"https:\/\/pedidosperu.com\/website\/#website"},"primaryImageOfPage":{"@id":"https:\/\/pedidosperu.com\/website\/product\/polo-tour-2026-kygo-poc-26-neg-1010\/#primaryimage"},"image":{"@id":"https:\/\/pedidosperu.com\/website\/product\/polo-tour-2026-kygo-poc-26-neg-1010\/#primaryimage"},"thumbnailUrl":"https:\/\/i0.wp.com\/pedidosperu.com\/website\/wp-content\/uploads\/2026\/01\/Kygo_2026_A1.jpg?fit=1800%2C2400&ssl=1","datePublished":"2026-01-13T20:20:14+00:00","dateModified":"2026-01-13T21:11:16+00:00","breadcrumb":{"@id":"https:\/\/pedidosperu.com\/website\/product\/polo-tour-2026-kygo-poc-26-neg-1010\/#breadcrumb"},"inLanguage":"es","potentialAction":[{"@type":"ReadAction","target":["https:\/\/pedidosperu.com\/website\/product\/polo-tour-2026-kygo-poc-26-neg-1010\/"]}]},{"@type":"ImageObject","inLanguage":"es","@id":"https:\/\/pedidosperu.com\/website\/product\/polo-tour-2026-kygo-poc-26-neg-1010\/#primaryimage","url":"https:\/\/i0.wp.com\/pedidosperu.com\/website\/wp-content\/uploads\/2026\/01\/Kygo_2026_A1.jpg?fit=1800%2C2400&ssl=1","contentUrl":"https:\/\/i0.wp.com\/pedidosperu.com\/website\/wp-content\/uploads\/2026\/01\/Kygo_2026_A1.jpg?fit=1800%2C2400&ssl=1","width":1800,"height":2400},{"@type":"BreadcrumbList","@id":"https:\/\/pedidosperu.com\/website\/product\/polo-tour-2026-kygo-poc-26-neg-1010\/#breadcrumb","itemListElement":[{"@type":"ListItem","position":1,"name":"Shop","item":"https:\/\/pedidosperu.com\/website\/shop\/"},{"@type":"ListItem","position":2,"name":"Polo Tour 2026 KYGO \/ KYGO-POC-26-NEG-1010"}]},{"@type":"WebSite","@id":"https:\/\/pedidosperu.com\/website\/#website","url":"https:\/\/pedidosperu.com\/website\/","name":"PedidosPeru.com","description":"Detalles 100% Personalizados","publisher":{"@id":"https:\/\/pedidosperu.com\/website\/#organization"},"potentialAction":[{"@type":"SearchAction","target":{"@type":"EntryPoint","urlTemplate":"https:\/\/pedidosperu.com\/website\/?s={search_term_string}"},"query-input":{"@type":"PropertyValueSpecification","valueRequired":true,"valueName":"search_term_string"}}],"inLanguage":"es"},{"@type":"Organization","@id":"https:\/\/pedidosperu.com\/website\/#organization","name":"PedidosPeru.com","url":"https:\/\/pedidosperu.com\/website\/","logo":{"@type":"ImageObject","inLanguage":"es","@id":"https:\/\/pedidosperu.com\/website\/#\/schema\/logo\/image\/","url":"https:\/\/pedidosperu.com\/website\/wp-content\/uploads\/2023\/08\/Logo_PP1.png","contentUrl":"https:\/\/pedidosperu.com\/website\/wp-content\/uploads\/2023\/08\/Logo_PP1.png","width":1464,"height":792,"caption":"PedidosPeru.com"},"image":{"@id":"https:\/\/pedidosperu.com\/website\/#\/schema\/logo\/image\/"},"sameAs":["https:\/\/www.facebook.com\/pedidosperuoficial","https:\/\/www.instagram.com\/pedidosperuoficial\/"]}]}},"jetpack_publicize_connections":[],"jetpack_sharing_enabled":true,"jetpack_likes_enabled":true,"jetpack-related-posts":[{"id":10310,"url":"https:\/\/pedidosperu.com\/website\/product\/polo-tour-mega-poc-26-neg-1010\/","url_meta":{"origin":10327,"position":0},"title":"Polo Tour 2026 Megadeth \/ Mega-POC-26-NEG-1010","author":"webmaster","date":"08\/01\/2026","format":false,"excerpt":"Polo Tour 2026 Megadeth \/ Mega-POC-26-NEG-1010 Dise\u00f1os exclusivos. Polo 100% Algod\u00f3n. Estampado en vinil textil importado \/ transfer de muy buena calidad. El color del dise\u00f1o puede variar seg\u00fan lo desee, solo debe indicarlo al momento de la compra. Consultar otras tallas, color de polo y\/o dise\u00f1os personalizados para empresas\u2026","rel":"","context":"Entrada similar","block_context":{"text":"Entrada similar","link":""},"img":{"alt_text":"","src":"https:\/\/i0.wp.com\/pedidosperu.com\/website\/wp-content\/uploads\/2026\/01\/Mega_01.jpg?fit=300%2C400&ssl=1&resize=350%2C200","width":350,"height":200},"classes":[]},{"id":10340,"url":"https:\/\/pedidosperu.com\/website\/product\/polo-tour-2026-the-killers-poc-26-neg-1010\/","url_meta":{"origin":10327,"position":1},"title":"Polo Tour 2026 The Killers \/ Killers-POC-26-NEG-1000","author":"webmaster","date":"13\/01\/2026","format":false,"excerpt":"Polo Tour 2026 The Killers \/ Killers-POC-26-NEG-1000 Dise\u00f1os exclusivos. Polo 100% Algod\u00f3n. Estampado en vinil textil importado \/ transfer de muy buena calidad. El color del dise\u00f1o puede variar seg\u00fan lo desee, solo debe indicarlo al momento de la compra. Consultar otras tallas, color de polo y\/o dise\u00f1os personalizados para\u2026","rel":"","context":"Entrada similar","block_context":{"text":"Entrada similar","link":""},"img":{"alt_text":"","src":"https:\/\/i0.wp.com\/pedidosperu.com\/website\/wp-content\/uploads\/2026\/01\/Killers_2026_A6.jpg?fit=900%2C1200&ssl=1&resize=350%2C200","width":350,"height":200,"srcset":"https:\/\/i0.wp.com\/pedidosperu.com\/website\/wp-content\/uploads\/2026\/01\/Killers_2026_A6.jpg?fit=900%2C1200&ssl=1&resize=350%2C200 1x, https:\/\/i0.wp.com\/pedidosperu.com\/website\/wp-content\/uploads\/2026\/01\/Killers_2026_A6.jpg?fit=900%2C1200&ssl=1&resize=525%2C300 1.5x, https:\/\/i0.wp.com\/pedidosperu.com\/website\/wp-content\/uploads\/2026\/01\/Killers_2026_A6.jpg?fit=900%2C1200&ssl=1&resize=700%2C400 2x"},"classes":[]},{"id":10286,"url":"https:\/\/pedidosperu.com\/website\/product\/polo-acdc-poc-26-neg-1010\/","url_meta":{"origin":10327,"position":2},"title":"Polo Tour ACDC \/ ACDC-POC-26-NEG-1010","author":"webmaster","date":"07\/01\/2026","format":false,"excerpt":"Polo Tour ACDC \/ ACDC-POC-26-NEG-1010 Dise\u00f1os exclusivos. Polo 100% Algod\u00f3n. Estampado en vinil textil importado \/ transfer de muy buena calidad. El color del dise\u00f1o puede variar seg\u00fan lo desee, solo debe indicarlo al momento de la compra. Consultar otras tallas, color de polo y\/o dise\u00f1os personalizados para empresas o\u2026","rel":"","context":"Entrada similar","block_context":{"text":"Entrada similar","link":""},"img":{"alt_text":"","src":"https:\/\/i0.wp.com\/pedidosperu.com\/website\/wp-content\/uploads\/2026\/01\/ACDC-105.jpg?fit=600%2C800&ssl=1&resize=350%2C200","width":350,"height":200,"srcset":"https:\/\/i0.wp.com\/pedidosperu.com\/website\/wp-content\/uploads\/2026\/01\/ACDC-105.jpg?fit=600%2C800&ssl=1&resize=350%2C200 1x, https:\/\/i0.wp.com\/pedidosperu.com\/website\/wp-content\/uploads\/2026\/01\/ACDC-105.jpg?fit=600%2C800&ssl=1&resize=525%2C300 1.5x"},"classes":[]},{"id":8975,"url":"https:\/\/pedidosperu.com\/website\/product\/polo-avicii-avi-poc-25-neg-1010\/","url_meta":{"origin":10327,"position":3},"title":"Polo AVICII \/ AVI-POC-25-NEG-1010","author":"webmaster","date":"09\/08\/2025","format":false,"excerpt":"Polo Tupac Shakur \/ 2PAC-POC-25-NEG-1010 Dise\u00f1os exclusivos. Polo 100% Algod\u00f3n. Estampado en vinil textil importado \/ transfer de muy buena calidad. El color del dise\u00f1o puede variar seg\u00fan lo desee, solo debe indicarlo al momento de la compra. Consultar otras tallas, color de polo y\/o dise\u00f1os personalizados para empresas o\u2026","rel":"","context":"Entrada similar","block_context":{"text":"Entrada similar","link":""},"img":{"alt_text":"","src":"https:\/\/i0.wp.com\/pedidosperu.com\/website\/wp-content\/uploads\/2025\/08\/AVI-POC-25-NEG-1010-A.jpg?fit=700%2C934&ssl=1&resize=350%2C200","width":350,"height":200,"srcset":"https:\/\/i0.wp.com\/pedidosperu.com\/website\/wp-content\/uploads\/2025\/08\/AVI-POC-25-NEG-1010-A.jpg?fit=700%2C934&ssl=1&resize=350%2C200 1x, https:\/\/i0.wp.com\/pedidosperu.com\/website\/wp-content\/uploads\/2025\/08\/AVI-POC-25-NEG-1010-A.jpg?fit=700%2C934&ssl=1&resize=525%2C300 1.5x, https:\/\/i0.wp.com\/pedidosperu.com\/website\/wp-content\/uploads\/2025\/08\/AVI-POC-25-NEG-1010-A.jpg?fit=700%2C934&ssl=1&resize=700%2C400 2x"},"classes":[]},{"id":9408,"url":"https:\/\/pedidosperu.com\/website\/product\/polo-george-michael-gmi-poc-25-neg-1010\/","url_meta":{"origin":10327,"position":4},"title":"Polo George Michael \/ GMI-POC-25-NEG-1010","author":"webmaster","date":"17\/08\/2025","format":false,"excerpt":"Polo George Michael \/ GMI-POC-25-NEG-1010 Dise\u00f1os exclusivos. Polo 100% Algod\u00f3n. Estampado en vinil textil importado \/ transfer de muy buena calidad. El color del dise\u00f1o puede variar seg\u00fan lo desee, solo debe indicarlo al momento de la compra. Consultar otras tallas, color de polo y\/o dise\u00f1os personalizados para empresas o\u2026","rel":"","context":"Entrada similar","block_context":{"text":"Entrada similar","link":""},"img":{"alt_text":"","src":"https:\/\/i0.wp.com\/pedidosperu.com\/website\/wp-content\/uploads\/2025\/08\/GMI-POC-25-NEG-1010-A.jpg?fit=700%2C934&ssl=1&resize=350%2C200","width":350,"height":200,"srcset":"https:\/\/i0.wp.com\/pedidosperu.com\/website\/wp-content\/uploads\/2025\/08\/GMI-POC-25-NEG-1010-A.jpg?fit=700%2C934&ssl=1&resize=350%2C200 1x, https:\/\/i0.wp.com\/pedidosperu.com\/website\/wp-content\/uploads\/2025\/08\/GMI-POC-25-NEG-1010-A.jpg?fit=700%2C934&ssl=1&resize=525%2C300 1.5x, https:\/\/i0.wp.com\/pedidosperu.com\/website\/wp-content\/uploads\/2025\/08\/GMI-POC-25-NEG-1010-A.jpg?fit=700%2C934&ssl=1&resize=700%2C400 2x"},"classes":[]},{"id":7711,"url":"https:\/\/pedidosperu.com\/website\/product\/polo-depeche-mode-dmo-poc-25-neg-1010\/","url_meta":{"origin":10327,"position":5},"title":"Polo Depeche Mode \/ DMO-POC-25-NEG-1010","author":"webmaster","date":"02\/08\/2025","format":false,"excerpt":"Polo Depeche Mode \/ DMO-POC-25-NEG-1010 Dise\u00f1os exclusivos. Polo 100% Algod\u00f3n. Estampado en vinil textil importado \/ transfer de muy buena calidad. El color del dise\u00f1o puede variar seg\u00fan lo desee, solo debe indicarlo al momento de la compra. Consultar otras tallas, color de polo y\/o dise\u00f1os personalizados para empresas o\u2026","rel":"","context":"Entrada similar","block_context":{"text":"Entrada similar","link":""},"img":{"alt_text":"","src":"https:\/\/i0.wp.com\/pedidosperu.com\/website\/wp-content\/uploads\/2025\/08\/DMO-POC-25-NEG-1010-A.jpg?fit=900%2C1200&ssl=1&resize=350%2C200","width":350,"height":200,"srcset":"https:\/\/i0.wp.com\/pedidosperu.com\/website\/wp-content\/uploads\/2025\/08\/DMO-POC-25-NEG-1010-A.jpg?fit=900%2C1200&ssl=1&resize=350%2C200 1x, https:\/\/i0.wp.com\/pedidosperu.com\/website\/wp-content\/uploads\/2025\/08\/DMO-POC-25-NEG-1010-A.jpg?fit=900%2C1200&ssl=1&resize=525%2C300 1.5x, https:\/\/i0.wp.com\/pedidosperu.com\/website\/wp-content\/uploads\/2025\/08\/DMO-POC-25-NEG-1010-A.jpg?fit=900%2C1200&ssl=1&resize=700%2C400 2x"},"classes":[]}],"_links":{"self":[{"href":"https:\/\/pedidosperu.com\/website\/wp-json\/wp\/v2\/product\/10327","targetHints":{"allow":["GET"]}}],"collection":[{"href":"https:\/\/pedidosperu.com\/website\/wp-json\/wp\/v2\/product"}],"about":[{"href":"https:\/\/pedidosperu.com\/website\/wp-json\/wp\/v2\/types\/product"}],"replies":[{"embeddable":true,"href":"https:\/\/pedidosperu.com\/website\/wp-json\/wp\/v2\/comments?post=10327"}],"wp:featuredmedia":[{"embeddable":true,"href":"https:\/\/pedidosperu.com\/website\/wp-json\/wp\/v2\/media\/10335"}],"wp:attachment":[{"href":"https:\/\/pedidosperu.com\/website\/wp-json\/wp\/v2\/media?parent=10327"}],"wp:term":[{"taxonomy":"product_brand","embeddable":true,"href":"https:\/\/pedidosperu.com\/website\/wp-json\/wp\/v2\/product_brand?post=10327"},{"taxonomy":"product_cat","embeddable":true,"href":"https:\/\/pedidosperu.com\/website\/wp-json\/wp\/v2\/product_cat?post=10327"},{"taxonomy":"product_tag","embeddable":true,"href":"https:\/\/pedidosperu.com\/website\/wp-json\/wp\/v2\/product_tag?post=10327"}],"curies":[{"name":"wp","href":"https:\/\/api.w.org\/{rel}","templated":true}]}}